Suppose -57*c + 552 = -53*c. What is the greatest common divisor of 6 and c?
6
Let g(y) = -304*y - 1. Let l be g(-1). Suppose 3*t - l = 117. Let i(f) = 2*f**2 - f - 38. Let b be i(6). What is the greatest common factor of b and t?
28
Let t(g) be the first derivative of -g**2 + g - 2 + 8/3*g**3 + 1/4*g**4. Let n be t(-6). Calculate the greatest common divisor of n and 17.
17
Let o be 4/(-3)*36/(-8). Suppose -4*r + o + 24 = a, 4*r = -4*a + 156. Calculate the highest common factor of 6 and a.
6
Let l = -8 + 13. Let f be (-2)/(-7) + (-209)/(-77). Suppose -f*k = -80 - 70. Calculate the greatest common factor of k and l.
5
Suppose -195 - 8 = -7*o. Let c = -92 + 49. Let j = 72 + c. Calculate the greatest common factor of o and j.
29
Let j(k) = 175*k - 60. Let c be j(1). What is the highest common divisor of 230 and c?
115
Let n be 3/24 - (2247/(-8) - 4). What is the greatest common factor of 627 and n?
57
Let p = -3 - -94. Suppose 11*r + 28 = 15*r. What is the highest common divisor of p and r?
7
Let w be 5/(-10) - 5375/(-10). Suppose -w - 63 = -5*x. Calculate the highest common factor of 15 and x.
15
Suppose -10 = -2*p, 88 - 23 = y + 4*p. Suppose 0 = 12*r - 9*r + y. Let c = r - -25. What is the highest common factor of c and 4?
2
Let x be ((-92)/69)/((-1)/84). Calculate the greatest common factor of x and 784.
112
Let v = -567 - -600. Calculate the greatest common divisor of 77 and v.
11
Let d = 1269 + -1209. Let b = -2 - 0. Let v be -2*(-2)/b + 17. What is the greatest common factor of v and d?
15
Suppose t + 73 = -5*h - 3*t, 2*t = -4*h - 56. Let k(b) = -b**2 - 12*b + 14. Let d be k(h). Let i = 0 + 1. What is the highest common factor of d and i?
1
Let d = 1 - -1. Let l(p) = p - 1 + d - 2*p + 10. Let h be l(0). What is the highest common factor of h and 55?
11
Let u(x) = 3*x**2 + 4 + 3 - 8*x - 2 + 2*x. Let r be u(3). Suppose -2 = d - r. Calculate the highest common divisor of 36 and d.
12
Suppose -4*d + 7*d = 63. Let l = d - 17. Suppose -i - y = 3*y - 77, -207 = -3*i - l*y. What is the highest common divisor of i and 26?
13
Suppose 0 = -3*p + p + 6. Let r be 0/p + -1 + 35. Suppose 0*m - 765 = -9*m. What is the highest common factor of m and r?
17
Suppose i = -3*i + 36. Let k = i + 41. What is the highest common factor of 5 and k?
5
Suppose 2*u = -u + 12. Suppose -3*q + 174 = -l + u*l, 2*l - 112 = -q. What is the greatest common divisor of l and 6?
6
Let a be -6*26/(-8) - (-6)/12. Suppose 2*t = 2*f - 60, -4*t = t + a. What is the highest common divisor of 13 and f?
13
Let j = -4 + 27. Calculate the greatest common divisor of 667 and j.
23
Suppose -29*n = -35*n + 102. Let q(o) = -o**3 + 17*o**2 - 2*o + 36. Let i be q(n). What is the greatest common factor of i and 22?
2
Let j be (13 + -23)/(1*2)*-1. Suppose 6*s + 5*t - 130 = 2*s, -s + j*t = -45. What is the highest common divisor of 5 and s?
5
Suppose -r = -2*o + 2265, 5*o = 3*r - 1233 + 6894. Calculate the greatest common factor of 42 and o.
42
Let f be ((-2)/(-5))/(2/(-10)). Let b be ((-2)/(-3))/(f/(-3)). Let h be ((-28)/7)/(6/(-12)). Calculate the highest common factor of b and h.
1
Suppose -3*u + 29 = 4*a - 9*a, -4*a - 4 = 4*u. Suppose -u = p, 38 = f + 3*p + 8. What is the highest common factor of f and 3?
3
Suppose -4*s = 5*j - 48, s + 7*j - 12 = 3*j. Let n = -64 + 160. Calculate the highest common divisor of n and s.
12
Suppose 1 = 4*b - 11. Suppose -2*u = b*f + 365, u + 4*f + 101 = -79. Let t = u - -304. What is the highest common factor of 15 and t?
15
Suppose 0 = 2*c + 3*c - 18*c. Suppose 5*h - 5 = 0, 5*i + 3*h + h - 9 = c. Calculate the greatest common divisor of 7 and i.
1
Suppose r = -4*r + 25. Suppose -3*b - 2*y = 7, 0 = -2*b + 2*y + r + 7. Calculate the highest common factor of 1 and b.
1
Let i(u) = 3*u**2 - 20*u + 53. Let s be i(3). What is the greatest common divisor of s and 45?
5
Let g = -82 + 45. Let z be -67 + 2 + -2 + 1. Let s be (g - 1)*z/12. Calculate the greatest common factor of 19 and s.
19
Suppose -15*x - 175 = -16*x - 2*i, x - 171 = -3*i. Calculate the highest common factor of 488 and x.
61
Suppose -13*q + 386 = -797. What is the greatest common divisor of q and 13?
13
Suppose l = 4*k - 203, 4*k - 213 = 2*l - 3*l. What is the highest common divisor of k and 416?
52
Let j = -4 + 9. Suppose 0 = x + 3*h - 6, -j*x = -2*x + 4*h - 28. Suppose -2*z - 2*f = -f - x, 3*z - 7 = 4*f. What is the greatest common factor of 5 and z?
5
Suppose 1 = 2*m + 2*i + 9, 5*i = 5*m. Let h be (-1084)/(-8) - 1/m. What is the highest common divisor of 8 and h?
8
Suppose v = 3*l - 8 - 37, -3*v = -5*l + 151. Let j = v + 89. Calculate the greatest common divisor of j and 24.
8
Let l = 615 - 592. Calculate the highest common factor of 460 and l.
23
Suppose r + 4*r + 4*f - 42 = 0, 4*r - 32 = -4*f. Let m(y) = y**2 - 6*y + 13. Let b be m(-14). Let x = b - 183. Calculate the highest common factor of x and r.
10
Let k(t) = 5*t**2 + 4*t - 35. Let f be k(5). Let p be (-4)/(-2) + 3 + -5. Let u be 12 + p/(-3) + -2. Calculate the greatest common factor of f and u.
10
Let q(t) be the first derivative of -t**4/4 + t**3/3 - t**2/2 + 2*t - 4. Let f be q(-2). Calculate the highest common divisor of f and 40.
8
Let d(z) = -46*z - 5. Let j be d(-5). Let o = 125 - 100. Calculate the highest common divisor of j and o.
25
Let x = 316 + -587. Suppose i + 93 = -r - 79, -r = 2*i + 172. Let s = r - x. What is the highest common factor of 66 and s?
33
Suppose 124*t = 126*t - 26. Calculate the greatest common factor of 65 and t.
13
Let c be -1 + 5 - (-4 - 6). Suppose o = -2*i + 37, -2*i + 5*o - 2*o + 57 = 0. What is the greatest common factor of i and c?
7
Let u = -2 + 2. Suppose 52 + 7 = 5*m + 3*t, u = 5*m - 5*t - 75. Suppose 0 = -10*i - 11*i + 2457. Calculate the greatest common factor of m and i.
13
Let w be (-15)/(-6)*(-3882)/(-15). Let y = w + -383. Suppose 4*l - 2*l - y = 0. Calculate the highest common factor of 12 and l.
12
Let h be 2/10 - (-1)/(35/1883). What is the greatest common factor of 72 and h?
18
Let r = -78 + 278. Calculate the highest common factor of 150 and r.
50
Let p be (-8 - -6)/(986/198 - 5). Let g = -24 + 57. What is the greatest common divisor of g and p?
33
Let g = -179 - -106. Let t = 124 + g. What is the greatest common divisor of t and 17?
17
Suppose -b - 4*w + 98 = 0, -157 = -0*b - 2*b + 5*w. Let s = 97 - b. Suppose 0 = -k - 2*k + 231. What is the greatest common divisor of s and k?
11
Let r = -226 + 22. Let o = r - -348. What is the greatest common divisor of o and 18?
18
Suppose -414 = -117*n - 130*n + 224*n. Suppose 0 = -2*x - 2*x, -4*p = -2*x - 8. What is the greatest common factor of p and n?
2
Let y(l) = l**3 - 19*l**2 + 49*l + 29. Let u be y(16). What is the highest common divisor of u and 105?
15
Let l = -20 - -24. Let v be (10/l)/(8/16). Suppose v*s - 3*f = 122, 2*f - 6 - 8 = -s. What is the greatest common divisor of s and 242?
22
Suppose -113*u = -110*u - 258. Calculate the greatest common divisor of u and 1634.
86
Suppose -18541 = -4*s - 4*u - 2381, 0 = -2*s + 2*u + 8060. Calculate the greatest common factor of 15 and s.
15
Suppose 5*b = -2*d + 115, -130 = -7*b + 2*b - 5*d. Suppose -9*j + 14*j = 45. Let s be 22/(-6)*(j - b). Calculate the greatest common factor of s and 4.
4
Let i(q) = q**3 - 2*q**2 - 3*q - 2. Let v be i(-4). Let n = 174 + v. What is the highest common divisor of n and 22?
22
Let q = 66 + -47. Let y = 2395 + -2376. What is the highest common factor of q and y?
19
Suppose 2*g - 33 = -5*i, -39 - 21 = -4*g - 4*i. Let s(z) = z**3 - 13*z**2 + z - 30. Let p be s(g). Calculate the highest common factor of p and 20.
20
Let t be ((-5)/(-2))/((-65)/(-156)). Let g be (4 - t - -5)/1. Calculate the highest common divisor of g and 9.
3
Suppose 0 = -5*w - 4*k - 5, -2*w = -4*k - 2 + 4. Let c be ((-230)/(-69))/(w/(-3)). What is the highest common divisor of 8 and c?
2
Let p(a) = 2*a**3 + 17*a**2 - 15*a - 42. Let q be p(-9). What is the greatest common divisor of 330 and q?
6
Suppose -10*k + 90 = -8*k. Let h = k + -30. Let l = h - -5. What is the greatest common divisor of l and 5?
5
Let f = -1345 - -1917. Calculate the highest common factor of 264 and f.
44
Suppose 0 = w - 4*w. Let b be (-21 + w)*12/(-18). Let u(p) = 10*p + 1. Let s be u(2). What is the greatest common factor of b a